{"id":15,"date":"2023-11-07T16:28:59","date_gmt":"2023-11-07T15:28:59","guid":{"rendered":"https:\/\/desinfektorenschule-duesseldorf.de\/?page_id=15"},"modified":"2025-07-22T18:25:38","modified_gmt":"2025-07-22T16:25:38","slug":"anmeldung-zur-desinfektorenausbildung","status":"publish","type":"page","link":"https:\/\/desinfektorenschule-duesseldorf.de\/","title":{"rendered":"Startseite"},"content":{"rendered":"\t\t<div data-elementor-type=\"wp-page\" data-elementor-id=\"15\" class=\"elementor elementor-15\" data-elementor-post-type=\"page\">\n\t\t\t\t<div class=\"elementor-element elementor-element-3ae462c6 e-con-full e-transform e-flex elementor-invisible e-con e-parent\" data-id=\"3ae462c6\" data-element_type=\"container\" data-e-type=\"container\" data-settings=\"{&quot;background_background&quot;:&quot;classic&quot;,&quot;animation&quot;:&quot;fadeInUp&quot;,&quot;_transform_skewX_effect&quot;:{&quot;unit&quot;:&quot;px&quot;,&quot;size&quot;:0,&quot;sizes&quot;:[]},&quot;_transform_skewX_effect_tablet&quot;:{&quot;unit&quot;:&quot;deg&quot;,&quot;size&quot;:&quot;&quot;,&quot;sizes&quot;:[]},&quot;_transform_skewX_effect_mobile&quot;:{&quot;unit&quot;:&quot;deg&quot;,&quot;size&quot;:&quot;&quot;,&quot;sizes&quot;:[]},&quot;_transform_skewY_effect&quot;:{&quot;unit&quot;:&quot;px&quot;,&quot;size&quot;:&quot;&quot;,&quot;sizes&quot;:[]},&quot;_transform_skewY_effect_tablet&quot;:{&quot;unit&quot;:&quot;deg&quot;,&quot;size&quot;:&quot;&quot;,&quot;sizes&quot;:[]},&quot;_transform_skewY_effect_mobile&quot;:{&quot;unit&quot;:&quot;deg&quot;,&quot;size&quot;:&quot;&quot;,&quot;sizes&quot;:[]}}\">\n\t\t\t\t<div class=\"elementor-element elementor-element-7c6a289e elementor-invisible elementor-widget elementor-widget-heading\" data-id=\"7c6a289e\" data-element_type=\"widget\" data-e-type=\"widget\" data-settings=\"{&quot;_animation&quot;:&quot;fadeInRight&quot;}\" data-widget_type=\"heading.default\">\n\t\t\t\t<div class=\"elementor-widget-container\">\n\t\t\t\t\t<h2 class=\"elementor-heading-title elementor-size-default\">Learn it! Train it! get it !<\/h2>\t\t\t\t<\/div>\n\t\t\t\t<\/div>\n\t\t\t\t<\/div>\n\t\t<div class=\"elementor-element elementor-element-80859fa e-con-full e-flex elementor-invisible e-con e-parent\" data-id=\"80859fa\" data-element_type=\"container\" data-e-type=\"container\" data-settings=\"{&quot;animation&quot;:&quot;fadeInUp&quot;}\">\n\t\t\t\t<div class=\"elementor-element elementor-element-d7f0375 elementor-widget elementor-widget-text-editor\" data-id=\"d7f0375\" data-element_type=\"widget\" data-e-type=\"widget\" data-widget_type=\"text-editor.default\">\n\t\t\t\t<div class=\"elementor-widget-container\">\n\t\t\t\t\t\t\t\t\t<p class=\"p1\">Das DRK-Bildungszentrum D\u00fcsseldorf ist mit mehr als 35-j\u00e4hriger Erfahrung Ihr Partner f\u00fcr Aus-, Fort- und Weiterbildungen im Gesundheitswesen. Ein Schwerpunkt sind auch die<span class=\"Apple-converted-space\">&nbsp;<\/span><span style=\"color: var( --e-global-color-text ); text-align: var(--text-align); font-size: 1rem;\">staatlich anerkannten Aus- und Fortbildungen f\u00fcr Desinfektoren sowie Weiterbildungen zu Hygienebeauftragten.<\/span><\/p>\n<p class=\"p1\">Als G\u00e4ste begr\u00fc\u00dfen wir Teilnehmer aus der Gesundheitsbranche, den Rettungsdiensten und Feuerwehren, den Justizbeh\u00f6rden und selbstverst\u00e4ndlich aus der Reinigungsbranche.<\/p>\n<p class=\"p1\">Unser Lernkonzept lebt von den Synergien zwischen Arbeitsrealit\u00e4t sowie modernen und motivierenden Methoden der Unterrichtsgestaltung. Unsere Ausbilder sind neben der Desinfektorenqualifikation alle auch zus\u00e4tzlich in einem Gesundheitsfachberuf langj\u00e4hrig erfahren. Ein Bachelor- oder Masterstudium erg\u00e4nzt zu einem bestqualifizierten Lernbegleiter f\u00fcr Sie.<\/p>\t\t\t\t\t\t\t\t<\/div>\n\t\t\t\t<\/div>\n\t\t\t\t<\/div>\n\t\t<div class=\"elementor-element elementor-element-2d0faa0 e-con-full e-flex elementor-invisible e-con e-parent\" data-id=\"2d0faa0\" data-element_type=\"container\" data-e-type=\"container\" data-settings=\"{&quot;animation&quot;:&quot;fadeInUp&quot;}\">\n\t\t\t\t<div class=\"elementor-element elementor-element-d09e69a elementor-widget elementor-widget-heading\" data-id=\"d09e69a\" data-element_type=\"widget\" data-e-type=\"widget\" data-widget_type=\"heading.default\">\n\t\t\t\t<div class=\"elementor-widget-container\">\n\t\t\t\t\t<h2 class=\"elementor-heading-title elementor-size-default\">Alle Informationen zu den angebotenen Lehrg\u00e4ngen finden Sie hier :<\/h2>\t\t\t\t<\/div>\n\t\t\t\t<\/div>\n\t\t\t\t<\/div>\n\t\t<div class=\"elementor-element elementor-element-f7d67e6 e-flex e-con-boxed e-con e-parent\" data-id=\"f7d67e6\" data-element_type=\"container\" data-e-type=\"container\">\n\t\t\t\t\t<div class=\"e-con-inner\">\n\t\t<div class=\"elementor-element elementor-element-7e0fcb6 e-con-full e-flex e-con e-child\" data-id=\"7e0fcb6\" data-element_type=\"container\" data-e-type=\"container\">\n\t\t\t\t<div class=\"elementor-element elementor-element-792d854 elementor-invisible elementor-widget elementor-widget-heading\" data-id=\"792d854\" data-element_type=\"widget\" data-e-type=\"widget\" data-settings=\"{&quot;_animation&quot;:&quot;fadeInRight&quot;}\" data-widget_type=\"heading.default\">\n\t\t\t\t<div class=\"elementor-widget-container\">\n\t\t\t\t\t<h2 class=\"elementor-heading-title elementor-size-default\">Ausbildung Desinfektor<\/h2>\t\t\t\t<\/div>\n\t\t\t\t<\/div>\n\t\t\t\t<div class=\"elementor-element elementor-element-b328f7d elementor-align-center elementor-invisible elementor-widget elementor-widget-button\" data-id=\"b328f7d\" data-element_type=\"widget\" data-e-type=\"widget\" data-settings=\"{&quot;_animation&quot;:&quot;fadeInUp&quot;}\" data-widget_type=\"button.default\">\n\t\t\t\t<div class=\"elementor-widget-container\">\n\t\t\t\t\t\t\t\t\t<div class=\"elementor-button-wrapper\">\n\t\t\t\t\t<a class=\"elementor-button elementor-button-link elementor-size-sm elementor-animation-pop\" href=\"https:\/\/bz-dus.de\/LS\/2046671312\/KIP?wss_1=esGrid_KipUebersicht&#038;wss_1_anzahl=10&#038;wss_1_sort=asc---Kursdauer%20von&#038;linktype=menue\" id=\"1\">\n\t\t\t\t\t\t<span class=\"elementor-button-content-wrapper\">\n\t\t\t\t\t\t\t\t\t<span class=\"elementor-button-text\">Hier Klicken<\/span>\n\t\t\t\t\t<\/span>\n\t\t\t\t\t<\/a>\n\t\t\t\t<\/div>\n\t\t\t\t\t\t\t\t<\/div>\n\t\t\t\t<\/div>\n\t\t\t\t<\/div>\n\t\t<div class=\"elementor-element elementor-element-c0678e9 e-con-full e-flex e-con e-child\" data-id=\"c0678e9\" data-element_type=\"container\" data-e-type=\"container\">\n\t\t\t\t<div class=\"elementor-element elementor-element-0f1bca0 elementor-invisible elementor-widget elementor-widget-heading\" data-id=\"0f1bca0\" data-element_type=\"widget\" data-e-type=\"widget\" data-settings=\"{&quot;_animation&quot;:&quot;fadeInRight&quot;}\" data-widget_type=\"heading.default\">\n\t\t\t\t<div class=\"elementor-widget-container\">\n\t\t\t\t\t<h2 class=\"elementor-heading-title elementor-size-default\">Fortbildung Desinfektor<\/h2>\t\t\t\t<\/div>\n\t\t\t\t<\/div>\n\t\t\t\t<div class=\"elementor-element elementor-element-efd6dcf elementor-align-center elementor-invisible elementor-widget elementor-widget-button\" data-id=\"efd6dcf\" data-element_type=\"widget\" data-e-type=\"widget\" data-settings=\"{&quot;_animation&quot;:&quot;fadeInUp&quot;}\" data-widget_type=\"button.default\">\n\t\t\t\t<div class=\"elementor-widget-container\">\n\t\t\t\t\t\t\t\t\t<div class=\"elementor-button-wrapper\">\n\t\t\t\t\t<a class=\"elementor-button elementor-button-link elementor-size-sm elementor-animation-pop\" href=\"https:\/\/bz-dus.de\/LS\/2046671297\/KIP?wss_1=esGrid_KipUebersicht&#038;wss_1_anzahl=10&#038;wss_1_sort=asc---Kursdauer%20von&#038;linktype=menue\" id=\"2\">\n\t\t\t\t\t\t<span class=\"elementor-button-content-wrapper\">\n\t\t\t\t\t\t\t\t\t<span class=\"elementor-button-text\">Hier klicken<\/span>\n\t\t\t\t\t<\/span>\n\t\t\t\t\t<\/a>\n\t\t\t\t<\/div>\n\t\t\t\t\t\t\t\t<\/div>\n\t\t\t\t<\/div>\n\t\t\t\t<\/div>\n\t\t\t\t\t<\/div>\n\t\t\t\t<\/div>\n\t\t<div class=\"elementor-element elementor-element-404a26b e-flex e-con-boxed e-con e-parent\" data-id=\"404a26b\" data-element_type=\"container\" data-e-type=\"container\">\n\t\t\t\t\t<div class=\"e-con-inner\">\n\t\t<div class=\"elementor-element elementor-element-8c8d562 e-con-full e-flex e-con e-child\" data-id=\"8c8d562\" data-element_type=\"container\" data-e-type=\"container\">\n\t\t\t\t<div class=\"elementor-element elementor-element-21665bd elementor-invisible elementor-widget elementor-widget-heading\" data-id=\"21665bd\" data-element_type=\"widget\" data-e-type=\"widget\" data-settings=\"{&quot;_animation&quot;:&quot;fadeInRight&quot;}\" data-widget_type=\"heading.default\">\n\t\t\t\t<div class=\"elementor-widget-container\">\n\t\t\t\t\t<h2 class=\"elementor-heading-title elementor-size-default\">Ausbildung Hygienebeauftragter<\/h2>\t\t\t\t<\/div>\n\t\t\t\t<\/div>\n\t\t\t\t<div class=\"elementor-element elementor-element-c28498d elementor-align-center elementor-invisible elementor-widget elementor-widget-button\" data-id=\"c28498d\" data-element_type=\"widget\" data-e-type=\"widget\" data-settings=\"{&quot;_animation&quot;:&quot;fadeInUp&quot;}\" data-widget_type=\"button.default\">\n\t\t\t\t<div class=\"elementor-widget-container\">\n\t\t\t\t\t\t\t\t\t<div class=\"elementor-button-wrapper\">\n\t\t\t\t\t<a class=\"elementor-button elementor-button-link elementor-size-sm elementor-animation-pop\" href=\"https:\/\/bz-dus.de\/LS\/2046671297\/KIP?wss_1=esGrid_KipUebersicht&#038;wss_1_anzahl=10&#038;wss_1_sort=asc---Kursdauer%20von&#038;linktype=menue\" id=\"3\">\n\t\t\t\t\t\t<span class=\"elementor-button-content-wrapper\">\n\t\t\t\t\t\t\t\t\t<span class=\"elementor-button-text\">Hier Klicken<\/span>\n\t\t\t\t\t<\/span>\n\t\t\t\t\t<\/a>\n\t\t\t\t<\/div>\n\t\t\t\t\t\t\t\t<\/div>\n\t\t\t\t<\/div>\n\t\t\t\t<\/div>\n\t\t<div class=\"elementor-element elementor-element-ea4a5e1 e-con-full e-flex e-con e-child\" data-id=\"ea4a5e1\" data-element_type=\"container\" data-e-type=\"container\">\n\t\t\t\t<div class=\"elementor-element elementor-element-0e6a124 elementor-invisible elementor-widget elementor-widget-heading\" data-id=\"0e6a124\" data-element_type=\"widget\" data-e-type=\"widget\" data-settings=\"{&quot;_animation&quot;:&quot;fadeInRight&quot;}\" data-widget_type=\"heading.default\">\n\t\t\t\t<div class=\"elementor-widget-container\">\n\t\t\t\t\t<h2 class=\"elementor-heading-title elementor-size-default\">Flyer Hygiene und Desinfektion<\/h2>\t\t\t\t<\/div>\n\t\t\t\t<\/div>\n\t\t\t\t<div class=\"elementor-element elementor-element-5081436 elementor-align-center elementor-invisible elementor-widget elementor-widget-button\" data-id=\"5081436\" data-element_type=\"widget\" data-e-type=\"widget\" data-settings=\"{&quot;_animation&quot;:&quot;fadeInUp&quot;}\" data-widget_type=\"button.default\">\n\t\t\t\t<div class=\"elementor-widget-container\">\n\t\t\t\t\t\t\t\t\t<div class=\"elementor-button-wrapper\">\n\t\t\t\t\t<a class=\"elementor-button elementor-button-link elementor-size-sm elementor-animation-pop\" href=\"https:\/\/cloud.bildungszentrum-duesseldorf.de\/index.php\/s\/29569cRjjY2KK64\" id=\"4\">\n\t\t\t\t\t\t<span class=\"elementor-button-content-wrapper\">\n\t\t\t\t\t\t\t\t\t<span class=\"elementor-button-text\">Hier klicken<\/span>\n\t\t\t\t\t<\/span>\n\t\t\t\t\t<\/a>\n\t\t\t\t<\/div>\n\t\t\t\t\t\t\t\t<\/div>\n\t\t\t\t<\/div>\n\t\t\t\t<\/div>\n\t\t\t\t\t<\/div>\n\t\t\t\t<\/div>\n\t\t<div class=\"elementor-element elementor-element-4961f34 e-con-full e-flex elementor-invisible e-con e-parent\" data-id=\"4961f34\" data-element_type=\"container\" data-e-type=\"container\" data-settings=\"{&quot;animation&quot;:&quot;fadeInUp&quot;}\">\n\t\t\t\t<div class=\"elementor-element elementor-element-9781a88 elementor-widget elementor-widget-spacer\" data-id=\"9781a88\" data-element_type=\"widget\" data-e-type=\"widget\" data-widget_type=\"spacer.default\">\n\t\t\t\t<div class=\"elementor-widget-container\">\n\t\t\t\t\t\t\t<div class=\"elementor-spacer\">\n\t\t\t<div class=\"elementor-spacer-inner\"><\/div>\n\t\t<\/div>\n\t\t\t\t\t\t<\/div>\n\t\t\t\t<\/div>\n\t\t\t\t<div class=\"elementor-element elementor-element-ae16959 elementor-skin-carousel elementor-arrows-yes elementor-pagination-type-bullets elementor-pagination-position-outside elementor-widget elementor-widget-media-carousel\" data-id=\"ae16959\" data-element_type=\"widget\" data-e-type=\"widget\" data-settings=\"{&quot;skin&quot;:&quot;carousel&quot;,&quot;effect&quot;:&quot;slide&quot;,&quot;show_arrows&quot;:&quot;yes&quot;,&quot;pagination&quot;:&quot;bullets&quot;,&quot;speed&quot;:500,&quot;autoplay&quot;:&quot;yes&quot;,&quot;autoplay_speed&quot;:5000,&quot;loop&quot;:&quot;yes&quot;,&quot;pause_on_hover&quot;:&quot;yes&quot;,&quot;pause_on_interaction&quot;:&quot;yes&quot;,&quot;space_between&quot;:{&quot;unit&quot;:&quot;px&quot;,&quot;size&quot;:10,&quot;sizes&quot;:[]},&quot;space_between_tablet&quot;:{&quot;unit&quot;:&quot;px&quot;,&quot;size&quot;:10,&quot;sizes&quot;:[]},&quot;space_between_mobile&quot;:{&quot;unit&quot;:&quot;px&quot;,&quot;size&quot;:10,&quot;sizes&quot;:[]}}\" data-widget_type=\"media-carousel.default\">\n\t\t\t\t<div class=\"elementor-widget-container\">\n\t\t\t\t\t\t\t\t\t<div class=\"elementor-swiper\">\n\t\t\t\t\t<div class=\"elementor-main-swiper swiper\" role=\"region\" aria-roledescription=\"carousel\" aria-label=\"Slider\">\n\t\t\t\t<div class=\"swiper-wrapper\">\n\t\t\t\t\t\t\t\t\t\t\t<div class=\"swiper-slide\" role=\"group\" aria-roledescription=\"slide\">\n\t\t\t\t\t\t\t\t\t<div class=\"elementor-carousel-image\" role=\"img\" aria-label=\"IMG_20210917_185431_653\" style=\"background-image: url(&#039;https:\/\/desinfektorenschule-duesseldorf.de\/wp-content\/uploads\/2023\/11\/IMG_20210917_185431_653.webp&#039;)\">\n\n\t\t\t\n\t\t\t\t\t<\/div>\n\t\t\t\t\t\t\t\t<\/div>\n\t\t\t\t\t\t\t\t\t\t\t<div class=\"swiper-slide\" role=\"group\" aria-roledescription=\"slide\">\n\t\t\t\t\t\t\t\t\t<div class=\"elementor-carousel-image\" role=\"img\" aria-label=\"IMG_20210917_185431_624\" style=\"background-image: url(&#039;https:\/\/desinfektorenschule-duesseldorf.de\/wp-content\/uploads\/2023\/11\/IMG_20210917_185431_624.webp&#039;)\">\n\n\t\t\t\n\t\t\t\t\t<\/div>\n\t\t\t\t\t\t\t\t<\/div>\n\t\t\t\t\t\t\t\t\t\t\t<div class=\"swiper-slide\" role=\"group\" aria-roledescription=\"slide\">\n\t\t\t\t\t\t\t\t\t<div class=\"elementor-carousel-image\" role=\"img\" aria-label=\"IMG_20210917_185431_611\" style=\"background-image: url(&#039;https:\/\/desinfektorenschule-duesseldorf.de\/wp-content\/uploads\/2023\/11\/IMG_20210917_185431_611.webp&#039;)\">\n\n\t\t\t\n\t\t\t\t\t<\/div>\n\t\t\t\t\t\t\t\t<\/div>\n\t\t\t\t\t\t\t\t\t\t\t<div class=\"swiper-slide\" role=\"group\" aria-roledescription=\"slide\">\n\t\t\t\t\t\t\t\t\t<div class=\"elementor-carousel-image\" role=\"img\" aria-label=\"Ha\u0308nde unter UV-Licht\" style=\"background-image: url(&#039;https:\/\/desinfektorenschule-duesseldorf.de\/wp-content\/uploads\/2023\/11\/Haende-unter-UV-Licht-scaled.jpg&#039;)\">\n\n\t\t\t\n\t\t\t\t\t<\/div>\n\t\t\t\t\t\t\t\t<\/div>\n\t\t\t\t\t\t\t\t\t\t\t<div class=\"swiper-slide\" role=\"group\" aria-roledescription=\"slide\">\n\t\t\t\t\t\t\t\t\t<div class=\"elementor-carousel-image\" role=\"img\" aria-label=\"IMG_20210917_185431_634\" style=\"background-image: url(&#039;https:\/\/desinfektorenschule-duesseldorf.de\/wp-content\/uploads\/2023\/11\/IMG_20210917_185431_634.webp&#039;)\">\n\n\t\t\t\n\t\t\t\t\t<\/div>\n\t\t\t\t\t\t\t\t<\/div>\n\t\t\t\t\t\t\t\t\t<\/div>\n\t\t\t\t\t\t\t\t\t\t\t\t\t\t\t<div class=\"elementor-swiper-button elementor-swiper-button-prev\" role=\"button\" tabindex=\"0\" aria-label=\"Voriger\">\n\t\t\t\t\t\t\t<svg aria-hidden=\"true\" class=\"e-font-icon-svg e-eicon-chevron-left\" viewBox=\"0 0 1000 1000\" xmlns=\"http:\/\/www.w3.org\/2000\/svg\"><path d=\"M646 125C629 125 613 133 604 142L308 442C296 454 292 471 292 487 292 504 296 521 308 533L604 854C617 867 629 875 646 875 663 875 679 871 692 858 704 846 713 829 713 812 713 796 708 779 692 767L438 487 692 225C700 217 708 204 708 187 708 171 704 154 692 142 675 129 663 125 646 125Z\"><\/path><\/svg>\t\t\t\t\t\t<\/div>\n\t\t\t\t\t\t<div class=\"elementor-swiper-button elementor-swiper-button-next\" role=\"button\" tabindex=\"0\" aria-label=\"N\u00e4chster\">\n\t\t\t\t\t\t\t<svg aria-hidden=\"true\" class=\"e-font-icon-svg e-eicon-chevron-right\" viewBox=\"0 0 1000 1000\" xmlns=\"http:\/\/www.w3.org\/2000\/svg\"><path d=\"M696 533C708 521 713 504 713 487 713 471 708 454 696 446L400 146C388 133 375 125 354 125 338 125 325 129 313 142 300 154 292 171 292 187 292 204 296 221 308 233L563 492 304 771C292 783 288 800 288 817 288 833 296 850 308 863 321 871 338 875 354 875 371 875 388 867 400 854L696 533Z\"><\/path><\/svg>\t\t\t\t\t\t<\/div>\n\t\t\t\t\t\t\t\t\t\t\t\t\t\t\t\t<div class=\"swiper-pagination\"><\/div>\n\t\t\t\t\t\t\t\t\t\t\t\t<\/div>\n\t\t\t\t<\/div>\n\t\t\t\t\t\t\t\t<\/div>\n\t\t\t\t<\/div>\n\t\t\t\t<\/div>\n\t\t<div class=\"elementor-element elementor-element-0ad22e7 e-con-full e-flex e-con e-parent\" data-id=\"0ad22e7\" data-element_type=\"container\" data-e-type=\"container\">\n\t\t\t\t<div class=\"elementor-element elementor-element-51d1eec elementor-widget elementor-widget-google_maps\" data-id=\"51d1eec\" data-element_type=\"widget\" data-e-type=\"widget\" data-widget_type=\"google_maps.default\">\n\t\t\t\t<div class=\"elementor-widget-container\">\n\t\t\t\t\t\t\t<div class=\"elementor-custom-embed\">\n\t\t\t<iframe loading=\"lazy\"\n\t\t\t\t\tsrc=\"https:\/\/maps.google.com\/maps?q=DRK-Bildungszentrum%20Campus%20Flingern-S%C3%BCd&#038;t=m&#038;z=10&#038;output=embed&#038;iwloc=near\"\n\t\t\t\t\ttitle=\"DRK-Bildungszentrum Campus Flingern-S\u00fcd\"\n\t\t\t\t\taria-label=\"DRK-Bildungszentrum Campus Flingern-S\u00fcd\"\n\t\t\t><\/iframe>\n\t\t<\/div>\n\t\t\t\t\t\t<\/div>\n\t\t\t\t<\/div>\n\t\t\t\t<\/div>\n\t\t\t\t<\/div>\n\t\t","protected":false},"excerpt":{"rendered":"<p>Learn it! Train it! get it ! Das DRK-Bildungszentrum D\u00fcsseldorf ist mit mehr als 35-j\u00e4hriger Erfahrung Ihr Partner f\u00fcr Aus-, Fort- und Weiterbildungen im Gesundheitswesen. Ein Schwerpunkt sind auch die&nbsp;staatlich anerkannten Aus- und Fortbildungen f\u00fcr Desinfektoren sowie Weiterbildungen zu Hygienebeauftragten. Als G\u00e4ste begr\u00fc\u00dfen wir Teilnehmer aus der Gesundheitsbranche, den Rettungsdiensten und Feuerwehren, den Justizbeh\u00f6rden und [&hellip;]<\/p>\n","protected":false},"author":2,"featured_media":0,"parent":0,"menu_order":0,"comment_status":"closed","ping_status":"closed","template":"","meta":{"footnotes":""},"class_list":["post-15","page","type-page","status-publish","hentry"],"yoast_head":"<!-- This site is optimized with the Yoast SEO plugin v27.3 - https:\/\/yoast.com\/product\/yoast-seo-wordpress\/ -->\n<title>Desinfektor Ausbildung - Hygienebeauftragter werden<\/title>\n<meta name=\"description\" content=\"Desinfektorenausbildung und Hygienebeauftragten-Schulung bei der f\u00fchrenden Desinfektorenschule. Lernen Sie effektive Desinfektion\" \/>\n<meta name=\"robots\" content=\"index, follow, max-snippet:-1, max-image-preview:large, max-video-preview:-1\" \/>\n<link rel=\"canonical\" href=\"https:\/\/desinfektorenschule-duesseldorf.de\/\" \/>\n<meta property=\"og:locale\" content=\"de_DE\" \/>\n<meta property=\"og:type\" content=\"article\" \/>\n<meta property=\"og:title\" content=\"Desinfektor Ausbildung - Hygienebeauftragter werden\" \/>\n<meta property=\"og:description\" content=\"Desinfektorenausbildung und Hygienebeauftragten-Schulung bei der f\u00fchrenden Desinfektorenschule. Lernen Sie effektive Desinfektion\" \/>\n<meta property=\"og:url\" content=\"https:\/\/desinfektorenschule-duesseldorf.de\/\" \/>\n<meta property=\"og:site_name\" content=\"desinfektorenschule-duesseldorf.de\" \/>\n<meta property=\"article:publisher\" content=\"https:\/\/www.facebook.com\/DRK.Bildungszentrum\" \/>\n<meta property=\"article:modified_time\" content=\"2025-07-22T16:25:38+00:00\" \/>\n<meta name=\"twitter:card\" content=\"summary_large_image\" \/>\n<meta name=\"twitter:label1\" content=\"Gesch\u00e4tzte Lesezeit\" \/>\n\t<meta name=\"twitter:data1\" content=\"1\u00a0Minute\" \/>\n<script type=\"application\/ld+json\" class=\"yoast-schema-graph\">{\"@context\":\"https:\\\/\\\/schema.org\",\"@graph\":[{\"@type\":\"WebPage\",\"@id\":\"https:\\\/\\\/desinfektorenschule-duesseldorf.de\\\/\",\"url\":\"https:\\\/\\\/desinfektorenschule-duesseldorf.de\\\/\",\"name\":\"Desinfektor Ausbildung - Hygienebeauftragter werden\",\"isPartOf\":{\"@id\":\"https:\\\/\\\/desinfektorenschule-duesseldorf.de\\\/#website\"},\"datePublished\":\"2023-11-07T15:28:59+00:00\",\"dateModified\":\"2025-07-22T16:25:38+00:00\",\"description\":\"Desinfektorenausbildung und Hygienebeauftragten-Schulung bei der f\u00fchrenden Desinfektorenschule. Lernen Sie effektive Desinfektion\",\"breadcrumb\":{\"@id\":\"https:\\\/\\\/desinfektorenschule-duesseldorf.de\\\/#breadcrumb\"},\"inLanguage\":\"de\",\"potentialAction\":[{\"@type\":\"ReadAction\",\"target\":[\"https:\\\/\\\/desinfektorenschule-duesseldorf.de\\\/\"]}]},{\"@type\":\"BreadcrumbList\",\"@id\":\"https:\\\/\\\/desinfektorenschule-duesseldorf.de\\\/#breadcrumb\",\"itemListElement\":[{\"@type\":\"ListItem\",\"position\":1,\"name\":\"Startseite\",\"item\":\"https:\\\/\\\/desinfektorenschule-duesseldorf.de\\\/\"},{\"@type\":\"ListItem\",\"position\":2,\"name\":\"Startseite\"}]},{\"@type\":\"WebSite\",\"@id\":\"https:\\\/\\\/desinfektorenschule-duesseldorf.de\\\/#website\",\"url\":\"https:\\\/\\\/desinfektorenschule-duesseldorf.de\\\/\",\"name\":\"desinfektorenschule-duesseldorf.de\",\"description\":\"\",\"publisher\":{\"@id\":\"https:\\\/\\\/desinfektorenschule-duesseldorf.de\\\/#organization\"},\"potentialAction\":[{\"@type\":\"SearchAction\",\"target\":{\"@type\":\"EntryPoint\",\"urlTemplate\":\"https:\\\/\\\/desinfektorenschule-duesseldorf.de\\\/?s={search_term_string}\"},\"query-input\":{\"@type\":\"PropertyValueSpecification\",\"valueRequired\":true,\"valueName\":\"search_term_string\"}}],\"inLanguage\":\"de\"},{\"@type\":\"Organization\",\"@id\":\"https:\\\/\\\/desinfektorenschule-duesseldorf.de\\\/#organization\",\"name\":\"DRK-Bildunszentrum D\u00fcsseldorf\",\"url\":\"https:\\\/\\\/desinfektorenschule-duesseldorf.de\\\/\",\"logo\":{\"@type\":\"ImageObject\",\"inLanguage\":\"de\",\"@id\":\"https:\\\/\\\/desinfektorenschule-duesseldorf.de\\\/#\\\/schema\\\/logo\\\/image\\\/\",\"url\":\"https:\\\/\\\/desinfektorenschule-duesseldorf.de\\\/wp-content\\\/uploads\\\/2023\\\/11\\\/BZ_Logo_rechteckig_Vektor.png\",\"contentUrl\":\"https:\\\/\\\/desinfektorenschule-duesseldorf.de\\\/wp-content\\\/uploads\\\/2023\\\/11\\\/BZ_Logo_rechteckig_Vektor.png\",\"width\":1701,\"height\":506,\"caption\":\"DRK-Bildunszentrum D\u00fcsseldorf\"},\"image\":{\"@id\":\"https:\\\/\\\/desinfektorenschule-duesseldorf.de\\\/#\\\/schema\\\/logo\\\/image\\\/\"},\"sameAs\":[\"https:\\\/\\\/www.facebook.com\\\/DRK.Bildungszentrum\",\"https:\\\/\\\/www.instagram.com\\\/drk.bildungszentrum\"]}]}<\/script>\n<!-- \/ Yoast SEO plugin. -->","yoast_head_json":{"title":"Desinfektor Ausbildung - Hygienebeauftragter werden","description":"Desinfektorenausbildung und Hygienebeauftragten-Schulung bei der f\u00fchrenden Desinfektorenschule. Lernen Sie effektive Desinfektion","robots":{"index":"index","follow":"follow","max-snippet":"max-snippet:-1","max-image-preview":"max-image-preview:large","max-video-preview":"max-video-preview:-1"},"canonical":"https:\/\/desinfektorenschule-duesseldorf.de\/","og_locale":"de_DE","og_type":"article","og_title":"Desinfektor Ausbildung - Hygienebeauftragter werden","og_description":"Desinfektorenausbildung und Hygienebeauftragten-Schulung bei der f\u00fchrenden Desinfektorenschule. Lernen Sie effektive Desinfektion","og_url":"https:\/\/desinfektorenschule-duesseldorf.de\/","og_site_name":"desinfektorenschule-duesseldorf.de","article_publisher":"https:\/\/www.facebook.com\/DRK.Bildungszentrum","article_modified_time":"2025-07-22T16:25:38+00:00","twitter_card":"summary_large_image","twitter_misc":{"Gesch\u00e4tzte Lesezeit":"1\u00a0Minute"},"schema":{"@context":"https:\/\/schema.org","@graph":[{"@type":"WebPage","@id":"https:\/\/desinfektorenschule-duesseldorf.de\/","url":"https:\/\/desinfektorenschule-duesseldorf.de\/","name":"Desinfektor Ausbildung - Hygienebeauftragter werden","isPartOf":{"@id":"https:\/\/desinfektorenschule-duesseldorf.de\/#website"},"datePublished":"2023-11-07T15:28:59+00:00","dateModified":"2025-07-22T16:25:38+00:00","description":"Desinfektorenausbildung und Hygienebeauftragten-Schulung bei der f\u00fchrenden Desinfektorenschule. Lernen Sie effektive Desinfektion","breadcrumb":{"@id":"https:\/\/desinfektorenschule-duesseldorf.de\/#breadcrumb"},"inLanguage":"de","potentialAction":[{"@type":"ReadAction","target":["https:\/\/desinfektorenschule-duesseldorf.de\/"]}]},{"@type":"BreadcrumbList","@id":"https:\/\/desinfektorenschule-duesseldorf.de\/#breadcrumb","itemListElement":[{"@type":"ListItem","position":1,"name":"Startseite","item":"https:\/\/desinfektorenschule-duesseldorf.de\/"},{"@type":"ListItem","position":2,"name":"Startseite"}]},{"@type":"WebSite","@id":"https:\/\/desinfektorenschule-duesseldorf.de\/#website","url":"https:\/\/desinfektorenschule-duesseldorf.de\/","name":"desinfektorenschule-duesseldorf.de","description":"","publisher":{"@id":"https:\/\/desinfektorenschule-duesseldorf.de\/#organization"},"potentialAction":[{"@type":"SearchAction","target":{"@type":"EntryPoint","urlTemplate":"https:\/\/desinfektorenschule-duesseldorf.de\/?s={search_term_string}"},"query-input":{"@type":"PropertyValueSpecification","valueRequired":true,"valueName":"search_term_string"}}],"inLanguage":"de"},{"@type":"Organization","@id":"https:\/\/desinfektorenschule-duesseldorf.de\/#organization","name":"DRK-Bildunszentrum D\u00fcsseldorf","url":"https:\/\/desinfektorenschule-duesseldorf.de\/","logo":{"@type":"ImageObject","inLanguage":"de","@id":"https:\/\/desinfektorenschule-duesseldorf.de\/#\/schema\/logo\/image\/","url":"https:\/\/desinfektorenschule-duesseldorf.de\/wp-content\/uploads\/2023\/11\/BZ_Logo_rechteckig_Vektor.png","contentUrl":"https:\/\/desinfektorenschule-duesseldorf.de\/wp-content\/uploads\/2023\/11\/BZ_Logo_rechteckig_Vektor.png","width":1701,"height":506,"caption":"DRK-Bildunszentrum D\u00fcsseldorf"},"image":{"@id":"https:\/\/desinfektorenschule-duesseldorf.de\/#\/schema\/logo\/image\/"},"sameAs":["https:\/\/www.facebook.com\/DRK.Bildungszentrum","https:\/\/www.instagram.com\/drk.bildungszentrum"]}]}},"_links":{"self":[{"href":"https:\/\/desinfektorenschule-duesseldorf.de\/index.php?rest_route=\/wp\/v2\/pages\/15","targetHints":{"allow":["GET"]}}],"collection":[{"href":"https:\/\/desinfektorenschule-duesseldorf.de\/index.php?rest_route=\/wp\/v2\/pages"}],"about":[{"href":"https:\/\/desinfektorenschule-duesseldorf.de\/index.php?rest_route=\/wp\/v2\/types\/page"}],"author":[{"embeddable":true,"href":"https:\/\/desinfektorenschule-duesseldorf.de\/index.php?rest_route=\/wp\/v2\/users\/2"}],"replies":[{"embeddable":true,"href":"https:\/\/desinfektorenschule-duesseldorf.de\/index.php?rest_route=%2Fwp%2Fv2%2Fcomments&post=15"}],"version-history":[{"count":79,"href":"https:\/\/desinfektorenschule-duesseldorf.de\/index.php?rest_route=\/wp\/v2\/pages\/15\/revisions"}],"predecessor-version":[{"id":186,"href":"https:\/\/desinfektorenschule-duesseldorf.de\/index.php?rest_route=\/wp\/v2\/pages\/15\/revisions\/186"}],"wp:attachment":[{"href":"https:\/\/desinfektorenschule-duesseldorf.de\/index.php?rest_route=%2Fwp%2Fv2%2Fmedia&parent=15"}],"curies":[{"name":"wp","href":"https:\/\/api.w.org\/{rel}","templated":true}]}}